?
3, 3019
Suppose c = 2*a - 1402, 9*a + 2096 = 12*a - 5*c. Suppose d - 702 = 3*t + 7*t, 0 = -d - 3*t + a. What are the prime factors of d?
2, 3, 13
Let y = -20 - -23. Suppose 0*m + 4*r + 1694 = y*m, 5 = -r. Let j = m + -397. What are the prime factors of j?
7, 23
Let x(r) = -r**3 + 15*r**2 - 15*r + 14. Let u be x(14). Suppose -5*y - 3*z = -u*y + 24, 4*z - 8 = 0. What are the prime factors of (-26)/(3/y*1)?
2, 13
Let o(f) = 181*f + 18. Let n(p) = 94*p + 9. Let a(c) = -9*n(c) + 5*o(c). Suppose -6 = -3*t - 0*t. List the prime factors of a(t).
127
Let y = 1279 - 1200. List the prime factors of y.
79
Suppose 4*y - 3*y + m - 1 = 0, -2*m - 13 = -3*y. Suppose 4*i = -y*q + 44, 0 = 2*q - 5*q. List the prime factors of i.
11
Let c be 50 + -4 + 3/(-6)*6. Suppose -2*n + 75 = -3*w, -3*w + c = n + w. What are the prime factors of (1300/n)/(2/9)?
2, 3, 5
Suppose 2*b - 3*z - 16 = 0, 0 = -0*b + 3*b + 4*z + 10. Suppose 1480 = 3*p + b*p. List the prime factors of p.
2, 37
Let f = -6724 - -14072. List the prime factors of f.
2, 11, 167
Suppose 0 = -5*c + 5*s + 75985, 5*s + 10181 - 40610 = -2*c. List the prime factors of c.
2, 11, 691
List the prime factors of 5 - (-16 + 31) - -14936.
2, 17, 439
Let t = -511 - 501. Let c = t - -2314. What are the prime factors of c?
2, 3, 7, 31
Let c(y) = y**3 - 3*y**2 + y - 1. Let l be c(3). Suppose -4*g + 1053 = h, -l*g - 3*g + 1329 = -3*h. Let f = g - 60. List the prime factors of f.
2, 3, 17
Let h(b) = b**3 - 14*b**2 + 40*b + 4. Let s be h(11). Suppose -84*k + 618 = -s*k. List the prime factors of k.
2, 103
Let o(q) = 51*q**2 + 19*q - 66. List the prime factors of o(17).
2, 23, 163
Let a(j) = 17*j + 2. Let b be (-18 + 16)*(-2)/4. Let g be a(b). Suppose -5 = 2*m - g. List the prime factors of m.
7
Let o = 57 - 62. Let q(t) = -640*t**3 + 6*t**2 - 6*t + 10. Let i(b) = 427*b**3 - 4*b**2 + 4*b - 7. Let m(l) = o*q(l) - 7*i(l). List the prime factors of m(1).
2, 3, 5, 7
Let z = -1769 - -3841. Suppose -6*h = -h + 4*f - z, -h - 3*f + 410 = 0. What are the prime factors of h?
2, 13
Let v be -24 - (-3 - 0 - -5). What are the prime factors of v/(-91) + 11691/21?
557
Suppose 3*v - 27369 = -3*f, 10*f + 2*v - 27368 = 7*f. Suppose -9638 - f = -14*g. List the prime factors of g.
2, 5, 67
Let d = 76342 + -18969. What are the prime factors of d?
57373
Let k(n) = 26*n + 47*n + 26 - 52 + 22. List the prime factors of k(9).
653
Suppose 7*r + 3*r = 30. Suppose -5*u = r*y + 2*y - 65, 0 = 4*y + 5*u - 56. What are the prime factors of y?
3
Suppose 0 = 66*w - 361038 - 793566. What are the prime factors of w?
2, 8747
Suppose t - 4*r = 3, -4*t - 5*r - 12 = -66. Suppose -w = -2*l + 243, 185 + 183 = 3*l - 5*w. List the prime factors of 16313/l + 2/t.
3, 5
Let v be ((-4)/(-16))/(-1) + (-171)/4. Let j = v - -42. What are the prime factors of (-2)/(-2*j/(-38))?
2, 19
Let a be (-7 + 9 - -1) + 1. Suppose 3*j = -5*k + 4245, 7*k - 5660 = -a*j + 11*k. What are the prime factors of j?
5, 283
Suppose -2*v + 3*o - 36 = 1133, -2*o + 2350 = -4*v. Let k = -314 - v. What are the prime factors of k?
5, 11
Suppose -4*t + 16 = -12. Suppose 0 = -0*u - t*u + 2807. What are the prime factors of u?
401
Let k(y) = 71*y**2 + 393*y - 63. What are the prime factors of k(15)?
3, 2423
Let p(n) = 2*n**2 - 8*n - 19. Let r(v) = v**3 + 15*v**2 + 25*v + 7. Let h be r(-13). List the prime factors of p(h).
3, 23
Suppose -69*b + 25473 + 11373 = 0. List the prime factors of b.
2, 3, 89
Suppose -b - 4*b + 4*f + 17 = 0, -2*b + f = -8. Suppose b*s = -4*t + 5, 4*t - 5 = -4*s + 3. Suppose 2*u = -t*u + 637. What are the prime factors of u?
7, 13
Let w(r) = -332*r + 805. Let u(b) = -111*b + 268. Let m(l) = -7*u(l) + 2*w(l). What are the prime factors of m(8)?
2, 11, 29
Let c be -548 + (-5 - 5) + 5. Let w = -190 - c. List the prime factors of w.
3, 11
Let d(n) = n**3 + 6*n**2 - 12*n - 19. Suppose 2*o - 1 = l, -4*l - 6*o - 43 = -o. Let h be d(l). Suppose -h*m + 1704 = -4*m. List the prime factors of m.
2, 71
Let n(o) = o**3 - o**2 - 4*o - 56. Let l be n(9). List the prime factors of -1*l*(-11 + 114/12).
2, 3, 139
Suppose 0 = -d + 3, 2*w - 4*d + 6 = -36. Let m = 16 + w. Let v(x) = 76*x**2 + 1. What are the prime factors of v(m)?
7, 11
Let u(b) = -2*b**3 - 90*b**2 + 79*b - 129. List the prime factors of u(-46).
7, 67
Let h(v) = v**3 - 10*v**2 + 12*v - 11. Let d be h(9). Let m(g) = 18*g - 93. List the prime factors of m(d).
3, 5, 13
Let i(b) be the first derivative of 3*b**4 + 3*b**2/2 - 3*b - 66. List the prime factors of i(1).
2, 3
Let w(v) = v**3 + 8*v**2 + 4*v. Let b be w(-7). Suppose -3 = -3*x + b. Suppose -6*a = -5*c - 4*a + 466, 0 = -4*a + x. List the prime factors of c.
2, 47
Suppose 2 = -6*n + 14. Let c be -1 + 645/10*n/3. Suppose -41*k - 28 = -c*k. What are the prime factors of k?
2, 7
Suppose -5*i + 12810 = 5*w, 28*i + 5145 = 2*w + 23*i. List the prime factors of w.
3, 5, 19
Suppose 0*b = -2*b + v + 17, -3*b = -3*v - 33. Let u(i) = -10 + 2*i + b - 9 - 21. List the prime factors of u(19).
2
Suppose 390 = 2*r + 3*r + w, 4*r = -w + 312. Let o(m) = 3*m + 4. Let b be o(-2). List the prime factors of b/13 + 14364/r.
2, 23
Let j = 152 + -225. Let i be 33 + 1 + (48 - 45). Let q = i - j. List the prime factors of q.
2, 5, 11
Let w = 762 + -759. Suppose -5*x + 1416 = -w*d, 149 + 133 = x - d. What are the prime factors of x?
3, 5, 19
Suppose l = 5*l + 844. Suppose -42 = 4*h + 2*w + 110, -3*h - 112 = w. What are the prime factors of l/(-4) - 9/h?
53
Let m(h) be the first derivative of -8*h**4 - h**2 + h + 10. Let n be m(-2). Suppose 3*y = 6*y - n. List the prime factors of y.
3, 29
Let y = -15 - -35. Let r be (-10)/y*8712/(-2). List the prime factors of -3 + (r/12 - 3/(-2)).
2, 3, 5
Suppose -a + 10 = -5*h - 5, 3*a = h + 17. Let w be h/16 - 3*(-39)/(-24). Let l(g) = 13*g**2 + 2*g - 11. What are the prime factors of l(w)?
2, 19
Suppose 2*i = 8 - 6, 0 = 3*l - 4*i - 22586. What are the prime factors of l?
2, 3, 5, 251
Let s(t) = -90*t - 87. Suppose -19*m + 13*m - 24 = 0. What are the prime factors of s(m)?
3, 7, 13
Suppose 3*s - 10 = 2. Suppose -4*q - s*a = -110 - 66, 4*q - 144 = 4*a. List the prime factors of q.
2, 5
Suppose 3*i - 1 = -4. Let c(n) = 18*n**2 - 2*n - 3. Let g be c(i). Suppose -g = z - 124. List the prime factors of z.
107
Let q(v) = -32*v**3 - 4*v**2 + 9*v + 44. List the prime factors of q(-3).
5, 13
List the prime factors of 1968617/84 - (-3)/36.
2, 3, 7, 31
Suppose 17*v = -437684 - 379132. What are the prime factors of (-2)/(-9) - v/54?
2, 5, 89
Suppose 13 - 18 = -o. Suppose 2*l + 3*i = 107, 0*i + 64 = l + o*i. Suppose -44*v - 205 = -l*v. What are the prime factors of v?
41
What are the prime factors of ((-1720)/(-100))/((-6027)/3015 - -2)?
2, 3, 43, 67
Let p be (-2 - (-10)/6) + (-806)/3. Let o = p - -637. What are the prime factors of o?
2, 23
Let p(m) = 216*m**2 + 2*m + 3. Let l = -129 - -242. Let z = 112 - l. List the prime factors of p(z).
7, 31
What are the prime factors of 19/342 - (-5207481)/162?
3, 5, 2143
Suppose 13*b = 10 + 29. Suppose -m + 10*w + 362 = 5*w, 7*w = b*m - 1110. List the prime factors of m.
13, 29
Suppose 19*n + 5068 = -9*n. Let r = n + 939. What are the prime factors of r?
2, 379
Let s be (33/(-4))/((-13)/(-52)). List the prime factors of (-21420)/(-165) - 6/s.
2, 5, 13
Let g = 25316 - 9700. What are the prime factors of g?
2, 61
Suppose 146 - 146 = -12*t. Suppose 3*k + 40*v - 43*v - 2220 = t, -716 = -k - 5*v. List the prime factors of k.
2, 23
Let j be (-510)/(-35) + (-4)/7. Suppose 2*c - 7*c - 3*z = 18, 5*c = z - j. Let s(b) = -b**3 + 4*b**2 + 2*b - 3. What are the prime factors of s(c)?
2, 3
Let g(i) = 472*i**2 - 6*i - 319. What are the prime factors of g(-8)?
3, 17, 587
Suppose -14862 = -2*w + c - 555, 0 = 2*w + 5*c - 14325. List the prime factors of w.
3, 5, 53
Suppose 409*u - 5582694 = -18*u - 706781. List the prime factors of u.
19, 601
Let w(j) = j**3 + 11*j**2 + 777*j + 59. List the prime factors of w(28).
52391
Let s(a) = 3*a**2 + 64*a + 53. Let f(v) = -2*v**2 - 43*v - 35. Let r(i) = 8*f(i) + 5*s(i). Let p be r(-16). Let g = p - 68. What are the prime factors of g?
3, 5
Let n = 29864 + -3705. List the prime factors of n.
7, 37, 101
Suppose 28*c = 29*c + 4*q - 13520, -40584 = -3*c - 4*q. List the prime factors of c.
2, 17, 199
Suppose -37*z + 177755 + 237